[INFO] fetching crate nimiq-client 0.2.0...
[INFO] checking nimiq-client-0.2.0 against try#72f88fc4e9458f89516a0b8b0868f3718aec5b47 for pr-74989
[INFO] extracting crate nimiq-client 0.2.0 into /workspace/builds/worker-6/source
[INFO] validating manifest of crates.io crate nimiq-client 0.2.0 on toolchain 72f88fc4e9458f89516a0b8b0868f3718aec5b47
[INFO] running `Command { std: "/workspace/cargo-home/bin/cargo" "+72f88fc4e9458f89516a0b8b0868f3718aec5b47" "read-manifest" "--manifest-path" "Cargo.toml", kill_on_drop: false }`
[INFO] started tweaking crates.io crate nimiq-client 0.2.0
[INFO] finished tweaking crates.io crate nimiq-client 0.2.0
[INFO] tweaked toml for crates.io crate nimiq-client 0.2.0 written to /workspace/builds/worker-6/source/Cargo.toml
[INFO] crate crates.io crate nimiq-client 0.2.0 already has a lockfile, it will not be regenerated
[INFO] running `Command { std: "/workspace/cargo-home/bin/cargo" "+72f88fc4e9458f89516a0b8b0868f3718aec5b47" "fetch" "--locked" "--manifest-path" "Cargo.toml", kill_on_drop: false }`
[INFO] [stderr]  Downloading crates ...
[INFO] [stderr]   Downloaded atomic v0.4.5
[INFO] [stderr]   Downloaded unicode-normalization v0.1.9
[INFO] [stderr]   Downloaded rgb v0.8.14
[INFO] [stderr]   Downloaded human-panic v1.0.1
[INFO] [stderr]   Downloaded nimiq-metrics-server v0.2.0
[INFO] [stderr]   Downloaded winconsole v0.10.0
[INFO] [stderr]   Downloaded tokio-timer v0.2.11
[INFO] [stderr]   Downloaded tokio-tcp v0.1.3
[INFO] [stderr]   Downloaded num_cpus v1.11.0
[INFO] [stderr]   Downloaded publicsuffix v1.5.3
[INFO] [stderr]   Downloaded cgmath v0.16.1
[INFO] [stderr]   Downloaded owning_ref v0.4.0
[INFO] [stderr]   Downloaded nimiq-lib v0.2.0
[INFO] [stderr]   Downloaded mime v0.3.14
[INFO] [stderr]   Downloaded security-framework v0.3.3
[INFO] [stderr]   Downloaded log-panics v2.0.0
[INFO] [stderr]   Downloaded thread-id v3.3.0
[INFO] [stderr]   Downloaded tokio-reactor v0.1.10
[INFO] [stderr]   Downloaded termcolor v0.3.6
[INFO] [stderr]   Downloaded unicase v2.5.1
[INFO] [stderr]   Downloaded wincolor v0.1.6
[INFO] [stderr]   Downloaded tokio-udp v0.1.5
[INFO] [stderr]   Downloaded tokio-codec v0.1.1
[INFO] [stderr]   Downloaded os_type v2.2.0
[INFO] [stderr]   Downloaded tokio-threadpool v0.1.16
[INFO] [stderr]   Downloaded vcpkg v0.2.7
[INFO] [stderr]   Downloaded openssl-sys v0.9.52
[INFO] [stderr]   Downloaded data-encoding v2.1.2
[INFO] [stderr]   Downloaded sha2 v0.8.0
[INFO] [stderr]   Downloaded hermit-abi v0.1.3
[INFO] [stderr]   Downloaded subtle v2.2.1
[INFO] [stderr]   Downloaded openssl v0.10.25
[INFO] [stderr]   Downloaded tokio-io v0.1.12
[INFO] [stderr]   Downloaded encoding_rs v0.8.20
[INFO] [stderr]   Downloaded tokio-current-thread v0.1.6
[INFO] [stderr]   Downloaded dtoa v0.4.4
[INFO] [stderr]   Downloaded chrono v0.4.9
[INFO] [stderr]   Downloaded colored v1.8.0
[INFO] [stderr]   Downloaded error-chain v0.12.1
[INFO] [stderr]   Downloaded reqwest v0.9.22
[INFO] [stderr]   Downloaded toml v0.5.5
[INFO] [stderr]   Downloaded http v0.1.19
[INFO] [stderr]   Downloaded weak-table v0.2.3
[INFO] [stderr]   Downloaded nimiq-rpc-server v0.2.0
[INFO] [stderr]   Downloaded tokio-executor v0.1.8
[INFO] [stderr]   Downloaded tokio-fs v0.1.6
[INFO] [stderr]   Downloaded tokio-sync v0.1.7
[INFO] [stderr]   Downloaded tokio-uds v0.2.5
[INFO] running `Command { std: "docker" "create" "-v" "/var/lib/crater-agent-workspace/builds/worker-6/target:/opt/rustwide/target:rw,Z" "-v" "/var/lib/crater-agent-workspace/builds/worker-6/source:/opt/rustwide/workdir:ro,Z" "-v" "/var/lib/crater-agent-workspace/cargo-home:/opt/rustwide/cargo-home:ro,Z" "-v" "/var/lib/crater-agent-workspace/rustup-home:/opt/rustwide/rustup-home:ro,Z" "-e" "SOURCE_DIR=/opt/rustwide/workdir" "-e" "CARGO_TARGET_DIR=/opt/rustwide/target" "-e" "CARGO_HOME=/opt/rustwide/cargo-home" "-e" "RUSTUP_HOME=/opt/rustwide/rustup-home" "-w" "/opt/rustwide/workdir" "-m" "1610612736" "--user" "0:0" "--network" "none" "rustops/crates-build-env@sha256:d92eaeed33fa75130ca1ee6c8a01d1ffb62bac859dfdfb3450e3e5d1c0146529" "/opt/rustwide/cargo-home/bin/cargo" "+72f88fc4e9458f89516a0b8b0868f3718aec5b47" "metadata" "--no-deps" "--format-version=1", kill_on_drop: false }`
[INFO] [stdout] 9644faa8d62411e0a279c64660fdbe0a1940cc51a30ab666c9a20e5923452f75
[INFO] [stderr] WARNING: Your kernel does not support swap limit capabilities or the cgroup is not mounted. Memory limited without swap.
[INFO] running `Command { std: "docker" "start" "-a" "9644faa8d62411e0a279c64660fdbe0a1940cc51a30ab666c9a20e5923452f75", kill_on_drop: false }`
[INFO] running `Command { std: "docker" "inspect" "9644faa8d62411e0a279c64660fdbe0a1940cc51a30ab666c9a20e5923452f75", kill_on_drop: false }`
[INFO] running `Command { std: "docker" "rm" "-f" "9644faa8d62411e0a279c64660fdbe0a1940cc51a30ab666c9a20e5923452f75", kill_on_drop: false }`
[INFO] [stdout] 9644faa8d62411e0a279c64660fdbe0a1940cc51a30ab666c9a20e5923452f75
[INFO] running `Command { std: "docker" "create" "-v" "/var/lib/crater-agent-workspace/builds/worker-6/target:/opt/rustwide/target:rw,Z" "-v" "/var/lib/crater-agent-workspace/builds/worker-6/source:/opt/rustwide/workdir:ro,Z" "-v" "/var/lib/crater-agent-workspace/cargo-home:/opt/rustwide/cargo-home:ro,Z" "-v" "/var/lib/crater-agent-workspace/rustup-home:/opt/rustwide/rustup-home:ro,Z" "-e" "SOURCE_DIR=/opt/rustwide/workdir" "-e" "CARGO_TARGET_DIR=/opt/rustwide/target" "-e" "CARGO_INCREMENTAL=0" "-e" "RUST_BACKTRACE=full" "-e" "RUSTFLAGS=--cap-lints=forbid" "-e" "CARGO_HOME=/opt/rustwide/cargo-home" "-e" "RUSTUP_HOME=/opt/rustwide/rustup-home" "-w" "/opt/rustwide/workdir" "-m" "1610612736" "--user" "0:0" "--network" "none" "rustops/crates-build-env@sha256:d92eaeed33fa75130ca1ee6c8a01d1ffb62bac859dfdfb3450e3e5d1c0146529" "/opt/rustwide/cargo-home/bin/cargo" "+72f88fc4e9458f89516a0b8b0868f3718aec5b47" "check" "--frozen" "--all" "--all-targets" "--message-format=json", kill_on_drop: false }`
[INFO] [stdout] 6511ad55159ef659a8fdc591544ff13d7ecb068e2ce639dd56ac60ed83a41ff9
[INFO] [stderr] WARNING: Your kernel does not support swap limit capabilities or the cgroup is not mounted. Memory limited without swap.
[INFO] running `Command { std: "docker" "start" "-a" "6511ad55159ef659a8fdc591544ff13d7ecb068e2ce639dd56ac60ed83a41ff9", kill_on_drop: false }`
[INFO] [stderr]     Blocking waiting for file lock on package cache
[INFO] [stderr]    Compiling autocfg v0.1.7
[INFO] [stderr]    Compiling libc v0.2.65
[INFO] [stderr]     Checking cfg-if v0.1.10
[INFO] [stderr]    Compiling cc v1.0.47
[INFO] [stderr]    Compiling byteorder v1.3.2
[INFO] [stderr]     Checking lazy_static v1.4.0
[INFO] [stderr]    Compiling semver-parser v0.7.0
[INFO] [stderr]    Compiling maybe-uninit v2.0.0
[INFO] [stderr]     Checking futures v0.1.29
[INFO] [stderr]    Compiling proc-macro2 v1.0.6
[INFO] [stderr]     Checking either v1.5.3
[INFO] [stderr]    Compiling syn v1.0.7
[INFO] [stderr]     Checking rand_core v0.4.2
[INFO] [stderr]    Compiling typenum v1.11.2
[INFO] [stderr]     Checking slab v0.4.2
[INFO] [stderr]     Checking rustc-demangle v0.1.16
[INFO] [stderr]    Compiling bitflags v1.2.1
[INFO] [stderr]     Checking byte-tools v0.3.1
[INFO] [stderr]     Checking fake-simd v0.1.2
[INFO] [stderr]     Checking opaque-debug v0.2.3
[INFO] [stderr]     Checking matches v0.1.8
[INFO] [stderr]    Compiling proc-macro2 v0.4.30
[INFO] [stderr]    Compiling unicode-xid v0.1.0
[INFO] [stderr]    Compiling arrayvec v0.4.12
[INFO] [stderr]    Compiling syn v0.15.44
[INFO] [stderr]     Checking nodrop v0.1.14
[INFO] [stderr]     Checking fixedbitset v0.1.9
[INFO] [stderr]     Checking stable_deref_trait v1.1.1
[INFO] [stderr]     Checking ordermap v0.3.5
[INFO] [stderr]    Compiling subtle v2.2.1
[INFO] [stderr]     Checking scopeguard v0.3.3
[INFO] [stderr]    Compiling unicode-xid v0.0.4
[INFO] [stderr]     Checking nimiq-macros v0.2.0
[INFO] [stderr]     Checking hex v0.3.2
[INFO] [stderr]     Checking constant_time_eq v0.1.4
[INFO] [stderr]    Compiling quote v0.3.15
[INFO] [stderr]    Compiling version_check v0.1.5
[INFO] [stderr]     Checking percent-encoding v1.0.1
[INFO] [stderr]     Checking nimiq-collections v0.2.0
[INFO] [stderr]     Checking data-encoding v2.1.2
[INFO] [stderr]     Checking bit-vec v0.5.1
[INFO] [stderr]    Compiling pkg-config v0.3.17
[INFO] [stderr]     Checking itoa v0.4.4
[INFO] [stderr]    Compiling memchr v2.2.1
[INFO] [stderr]    Compiling serde v1.0.102
[INFO] [stderr]    Compiling gcc v0.3.55
[INFO] [stdout] error[E0599]: no function or associated item named `into_raw_non_null` found for struct `Box<_>` in the current scope
[INFO] [stdout]    --> /opt/rustwide/cargo-home/registry/src/github.com-1ecc6299db9ec823/nimiq-collections-0.2.0/src/linked_list.rs:141:34
[INFO] [stdout]     |
[INFO] [stdout] 141 |             let node = Some(Box::into_raw_non_null(node));
[INFO] [stdout]     |                                  ^^^^^^^^^^^^^^^^^ function or associated item not found in `Box<_>`
[INFO] [stdout] 
[INFO] [stdout] 
[INFO] [stdout] error[E0599]: no function or associated item named `into_raw_non_null` found for struct `Box<_>` in the current scope
[INFO] [stdout]    --> /opt/rustwide/cargo-home/registry/src/github.com-1ecc6299db9ec823/nimiq-collections-0.2.0/src/linked_list.rs:176:34
[INFO] [stdout]     |
[INFO] [stdout] 176 |             let node = Some(Box::into_raw_non_null(node));
[INFO] [stdout]     |                                  ^^^^^^^^^^^^^^^^^ function or associated item not found in `Box<_>`
[INFO] [stdout] 
[INFO] [stdout] 
[INFO] [stdout] error[E0599]: no function or associated item named `into_raw_non_null` found for struct `Box<_>` in the current scope
[INFO] [stdout]    --> /opt/rustwide/cargo-home/registry/src/github.com-1ecc6299db9ec823/nimiq-collections-0.2.0/src/linked_list.rs:914:38
[INFO] [stdout]     |
[INFO] [stdout] 914 |                 let node = Some(Box::into_raw_non_null(Box::new(Node {
[INFO] [stdout]     |                                      ^^^^^^^^^^^^^^^^^ function or associated item not found in `Box<_>`
[INFO] [stdout] 
[INFO] [stdout] 
[INFO] [stdout] error: aborting due to 3 previous errors
[INFO] [stdout] 
[INFO] [stdout] 
[INFO] [stdout] For more information about this error, try `rustc --explain E0599`.
[INFO] [stdout] 
[INFO] [stderr]     Checking foreign-types-shared v0.1.1
[INFO] [stderr] error: could not compile `nimiq-collections`.
[INFO] [stderr] 
[INFO] [stderr] To learn more, run the command again with --verbose.
[INFO] [stderr] warning: build failed, waiting for other jobs to finish...
[INFO] [stderr] error: build failed
[INFO] running `Command { std: "docker" "inspect" "6511ad55159ef659a8fdc591544ff13d7ecb068e2ce639dd56ac60ed83a41ff9", kill_on_drop: false }`
[INFO] running `Command { std: "docker" "rm" "-f" "6511ad55159ef659a8fdc591544ff13d7ecb068e2ce639dd56ac60ed83a41ff9", kill_on_drop: false }`
[INFO] [stdout] 6511ad55159ef659a8fdc591544ff13d7ecb068e2ce639dd56ac60ed83a41ff9
